ppose g*h + 5 = 15. Let j be ((-20)/15)/(h/(-21)). What is the greatest common factor of 7 and j?
7
Let k(u) = -2*u - 25. Let g be k(-13). Let j be -4 - g/((-3)/48). Calculate the highest common factor of 60 and j.
12
Let i = 136 + -243. Let y = i + 117. What is the greatest common factor of y and 220?
10
Let y be 2/5 + 36/10. Let h = -406 - -407. Calculate the greatest common factor of h and y.
1
Let l = 1631 - 1606. Calculate the highest common divisor of l and 160.
5
Suppose 0 = 5*h - c - 135, 0 = -3*c + 8*c. Suppose -2*w - 4*k + 36 = 0, 4*w - 3*k = 9*w - 90. What is the highest common divisor of w and h?
9
Let y(g) = g**3 - g**2 - 4*g + 34. Let h be y(0). Suppose -2*c - 3*c = 5*d - 95, 0 = d + 4*c - 25. Calculate the greatest common divisor of h and d.
17
Let a = 2 - 0. Suppose -13*l - 15 = -16*l. Suppose 7*c - l = a*c. Calculate the greatest common divisor of 8 and c.
1
Let d(u) = -4*u + 60. Let q be 68/6 - (-28)/42. Let t be d(q). Calculate the greatest common divisor of t and 12.
12
Let a be -2 - -8 - 4 - 0. Suppose -168 = -4*p + 4*m, -2*p - 48 = -3*p - a*m. Calculate the highest common factor of p and 11.
11
Suppose 4*s + 18 = -5*z + 68, 36 = 3*s + 3*z. Calculate the greatest common divisor of 40 and s.
10
Let p = 1887 + -816. Calculate the highest common factor of 18 and p.
9
Let c be 121/11 + -2 + -1 + 2. What is the greatest common divisor of c and 90?
10
Let h be (-18)/189 - 1852/(-42). What is the greatest common divisor of 96 and h?
4
Suppose -5*a = -15 - 45. Suppose 2*b + b + 141 = 3*f, 5*f = 2*b + 91. Let g be (14/(-4))/7*0 - b. What is the highest common divisor of a and g?
12
Let q = -440 + 764. What is the highest common divisor of q and 2?
2
Let w = 28 + -25. Suppose -3*h = -2*i, 4*h - 6*h = 0. Suppose i = x + j - 6 - 1, w = -j. Calculate the greatest common divisor of x and 10.
10
Suppose -5*t = 4*l - 447, 0*l - 3*l - t + 327 = 0. Suppose -3*v - 58 = 14. Let g = 42 + v. Calculate the greatest common factor of l and g.
18
Let c = -1842 + 2890. What is the greatest common divisor of c and 8?
8
Let b(g) = -7*g**3 + 26*g + 95. Let r be b(-5). What is the greatest common divisor of r and 70?
70
Let q = -44 + 1353. What is the greatest common divisor of q and 11?
11
Let n(q) = 3*q**2 - 15*q - 2. Let d be n(12). Let j be d/30 + 2/(-6). Let b be 2/j - 301/(-28). What is the highest common factor of 11 and b?
11
Suppose 2*x + f - 53 = 0, -x - 2*f = -5*x + 102. Calculate the highest common divisor of x and 494.
26
Suppose 147 = -2*q - y, -4*q = -6*y + 3*y + 299. Let v = q - -95. What is the greatest common factor of v and 189?
21
Let h be (-38)/(3/11 + 901/(-1166)). Calculate the greatest common factor of h and 48.
4
Suppose 3*r + 140 = 4*p, 2*p + 3*r + 0*r = 52. Let h = 1465 + -1449. Calculate the highest common factor of h and p.
16
Let c(d) = -4*d - 8. Let n be c(-6). Let i = 28 + -103. Let s = i + 107. Calculate the highest common divisor of s and n.
16
Suppose 4*s = 2*p - 328, -4*p + 5*s + 411 + 251 = 0. Suppose 12*l - 4*l = p. What is the greatest common factor of 21 and l?
21
Suppose 5*o - 7 = -p, 2*p + 6 + 0 = 0. Suppose -6 = -2*t, 5*t = -0*c + o*c - 269. Suppose -c = -2*q - 16. Calculate the highest common divisor of 7 and q.
7
Suppose -4*f + 52 = 4*s, 2*f - 23 = 5*s - 4*s. Calculate the highest common divisor of 96 and f.
12
Let g(d) = -d**3 + 6*d**2 - 4*d + 8. Let i = -37 - -42. Let f be g(i). What is the greatest common factor of f and 143?
13
Suppose -53*z + 50*z = 2*o - 264, 2*o = -z + 264. What is the highest common factor of o and 176?
44
Let b be (-19344)/(-88) + 2/11. Suppose -5*u = -35 - b. Let m(s) = -7*s - 1. Let k be m(-5). What is the highest common divisor of u and k?
17
Let y(g) = -g + 279. Suppose -3*m = 3*m - 36. Suppose m*j = j. Let b be y(j). What is the highest common factor of 31 and b?
31
Let a = 6 - -9. Let x(j) = 5*j**2 + 114*j + 118. Let h be x(-22). Calculate the highest common divisor of h and a.
15
Let l(o) = o**3 - 14*o**2 + 24*o + 9. Let q be l(12). Let p = 94 + 186. Suppose -4*i + q*i = p. Calculate the greatest common divisor of 28 and i.
28
Suppose 0 = q + 4*q - 90. What is the greatest common divisor of 99 and q?
9
Suppose 0 = -4*o + 59 + 109. Suppose -4*n + 0*n + 83 = p, 0 = -3*n - 4*p + 46. Let y = o - n. Calculate the greatest common divisor of 20 and y.
20
Let o be (-28)/(((-144)/585)/8). Calculate the greatest common divisor of 35 and o.
35
Let m be (6/10)/(3/15). Let o be (-4)/m + (-3)/(-9). Let x be (o - -3) + (13 - 0). Calculate the greatest common divisor of x and 75.
15
Let k(n) = n. Let o be k(-1). Let x be 148/(-16)*4/o. Calculate the greatest common factor of x and 148.
37
Suppose 2*p = s - 91, -2*p + 2*s - 85 = 3*s. Let j = -36 - p. What is the highest common divisor of j and 32?
8
Let m = 82 - 208. Let u be (3/9)/((-2)/m) - -1. Calculate the highest common divisor of 154 and u.
22
Suppose 0 = -14*t + 103 + 317. What is the greatest common divisor of 12 and t?
6
Let z = 72 - -27. Let s = 1428 + -1410. Calculate the greatest common factor of s and z.
9
Suppose -5*t - 10 = s, -5*s = 4*t + 45 - 16. Let z be t + 1 - (-4 - -2). Calculate the highest common factor of 22 and z.
2
Suppose y - 832 = 4*h + 3*y, 3*y = 2*h + 400. Suppose 11*q - 315 = -r + 6*q, 5*r - 4*q = 1517. Let g = r + h. Calculate the greatest common divisor of g and 9.
9
Let j(d) = 4*d**2 - 21*d - 14. Let x be j(6). Let k = 3 - -5. Suppose -x*m = -k*m + 132. What is the highest common divisor of m and 22?
11
Let q(m) = 48*m + 3. Let r(t) = 32*t + 2. Let k(h) = -5*q(h) + 7*r(h). Let a be k(-1). What is the greatest common divisor of 45 and a?
15
Let g = 218 - 23. Calculate the greatest common factor of 507 and g.
39
Suppose 3*f = -0*f + 231. Let d = -30 + 37. Calculate the highest common divisor of d and f.
7
Let h = -7 - -12. Suppose h*a + 31 = -89. Let z = a + 46. Calculate the highest common factor of 33 and z.
11
Let s(t) = -13*t + 9*t - 18*t - 5*t + 3. Let c be s(-3). Let m = 20 + 1. What is the highest common factor of m and c?
21
Let y(g) = 104*g + 26*g - 10*g. Let z be y(1). Calculate the highest common factor of z and 15.
15
Let g = -12 - -3. Let a = 1 + g. Let z be (-1 - -12) + a/(-4). Calculate the greatest common divisor of z and 143.
13
Let o(s) = -s**2 + 8*s - 8. Let j be o(5). Calculate the highest common factor of j and 7.
7
Suppose -2*p = x - 100, 3*p - 12 + 447 = 5*x. Suppose 3*g - 5*g + x = 0. Calculate the greatest common divisor of 18 and g.
9
Suppose -79 = 2*v - 205. Calculate the highest common factor of v and 7.
7
Let n = -16 + -76. Let b = n - -101. What is the greatest common factor of b and 36?
9
Let s be 3/9*10*3237/166. What is the greatest common factor of 143 and s?
13
Suppose -30*q = -12*q - 6138. What is the greatest common factor of 11 and q?
11
Let z(j) = -9*j**3 + 3*j - 2. Let y be z(2). Let d = 90 + y. What is the highest common factor of 22 and d?
22
Suppose 4 = 4*o - 160. Let b = 67 - o. What is the highest common factor of b and 65?
13
Suppose -5*y + 55 = -4*g - 214, 0 = 5*y - 3*g - 268. Calculate the highest common factor of y and 689.
53
Let l = -30 + 39. Let s be 2148/54 + 2/l. Calculate the highest common factor of s and 8.
8
Suppose 5*z - 5*x + 2*x - 338 = 0, 4*x = -5*z + 331. Let j = z - 27. What is the greatest common factor of 60 and j?
20
Let t = 3 + 0. Suppose 0 = 4*o - 0*o - 2*x, -o - t*x = 0. Let r be (o + 2)*-1 + 15. Calculate the highest common factor of 52 and r.
13
Let r be (3 - 11/(-3))/((-2)/(-6)). Let c = 31 + -44. Let o = 23 + c. Calculate the highest common divisor of r and o.
10
Suppose y = -39*y + 1000. What is the greatest common factor of y and 10?
5
Suppose 115 = 11*f - 303. Suppose 40*i = f*i + 16. What is the greatest common divisor of 88 and i?
8
Let p be ((-8)/6)/((-10)/(-105)). Let q = -10 - p. What is the highest common factor of 8 and q?
4
Suppose 5*k - 35 = -4*u, 7*u - 2*u - 3*k - 16 = 0. Let m = 27 - u. Suppose 4*z + 1760 = 14*z. What is the greatest common divisor of z and m?
22
Let u(t) = t**3 + 5*t**2 - 7*t - 1. Let y be u(-6). Suppose -y*o + 2*o = -54. Calculate the greatest common divisor of o and 18.
18
Let i(n) = n**3 + 10*n**2 - 5*n + 16. Let p be i(-10). Suppose 11*r - p = 66. Calculate the highest common factor of 132 and r.
12